+ 2*t - 2 = -4. Let y be 3 - (g - 39) - 0. Calculate the highest common divisor of 11 and y.
11
Suppose 6*i - 2*i - 156 = 0. Let z be (1 - i)/(1/1). Let m = z + 80. What is the highest common divisor of 7 and m?
7
Let s be (-8)/(-6) - (-6032)/117*3. Calculate the highest common divisor of s and 132.
12
Let m = 9 + -3. Let y be (-15)/(2*m/(-8)). Suppose -i + 0*i + y = 0. Calculate the highest common factor of i and 25.
5
Suppose 488 = 5*f - 92*g + 91*g, -5*f - 5*g = -500. Calculate the greatest common factor of 28 and f.
14
Let a(f) = -2*f**3 - 13*f**2 + 4*f - 11. Let i be a(-7). What is the highest common factor of i and 35?
5
Let d(z) = z**2 - 9*z + 28. Let s be d(11). What is the greatest common divisor of s and 10?
10
Suppose -1819 - 1010 = -41*w. What is the highest common factor of w and 27?
3
Let c = -489 - -918. Calculate the greatest common divisor of c and 22.
11
Let f(p) = -p**2 - 17*p - 9. Let a be f(-17). Let m = 7 - a. Calculate the greatest common factor of 112 and m.
16
Let z be 3/((-18)/24) + 21. Let u be (62/4)/(z/34). Calculate the highest common factor of 403 and u.
31
Suppose -q + 1875 = -5*s, 439 + 8906 = 5*q + 5*s. What is the highest common factor of 22 and q?
22
Let f = 135 - 239. Let v = -100 - f. Calculate the highest common divisor of 20 and v.
4
Let c = -13 - -43. Let z be -1 + -3 - 245/(-1 + -4). What is the greatest common divisor of c and z?
15
Suppose -17 = 5*l - 2*r, 2*l + 4*r + 6 = 4*l. Let y be l/(1 + (-12)/9). Calculate the greatest common divisor of 60 and y.
15
Let r(i) = i**3 + i**2 - 17*i + 51. Let l be r(3). What is the greatest common factor of l and 15?
3
Let s be 424/20 - (-3)/(-15). Let u be 26*(s/(-6) - -4). Suppose -3*b + 203 = 5*m - b, -199 = -5*m - b. What is the highest common factor of m and u?
13
Suppose -7 = -2*v - t + 4, 5*t - 3 = 3*v. Let l be (-3 + 4 - -1) + -9 + 35. What is the highest common factor of l and v?
4
Let q = 551 + -545. What is the greatest common factor of q and 10?
2
Let x(r) = r**3 + 24*r**2 - 80*r + 29. Let h be x(-27). Let g be 6/21 - 18/14. Let a be (-3)/((-3)/2 - g). What is the greatest common divisor of a and h?
2
Suppose -26*o - 1410 = -36*o. Calculate the greatest common factor of 94 and o.
47
Let q = -366 + 370. What is the highest common divisor of q and 26?
2
Let z(m) = 5*m - 1. Let d be z(4). Suppose 41*w - 471 = -5*i + 43*w, 2*i + 2*w - 194 = 0. Calculate the highest common divisor of i and d.
19
Let r(h) = 5*h - 117. Let g be r(25). Calculate the greatest common factor of g and 8.
8
Suppose 0 = -j + 4*j + 6. Let q be j - (-1)/(3/30). Let r = q - -6. Calculate the highest common divisor of 42 and r.
14
Let s = -144 - -96. Let d = 165 + s. What is the highest common divisor of 13 and d?
13
Let f = 189 - 82. Suppose -f = 4*c - 299. Calculate the greatest common factor of 16 and c.
16
Let r be (-51)/(-15) + 2/(-5). Let f be (-2)/r + (-1210)/(-15). Let n(g) = -2*g + 20. Let a be n(0). What is the greatest common factor of a and f?
20
Let z be (10/25*3)/(6/80). Suppose -2*w - 5*b = 21, 2*w - 2*b + 0*b = 14. Calculate the greatest common divisor of w and z.
2
Suppose 0 = 2*k + 4*x + 4, 5*x = 4*k - 31. Let o be 3278/44 - (-2)/k. What is the greatest common factor of 15 and o?
15
Let p be 4/(-36)*-3*102. Suppose 0 = -2*u - 2*u + 952. Calculate the highest common divisor of p and u.
34
Suppose -5*c = 6*c + 1012. Let h = 60 - c. Calculate the greatest common divisor of 38 and h.
38
Let p(n) = 5*n**3 - n + 1. Let f be p(1). Suppose f*q - 24 = 16. Calculate the greatest common factor of q and 2.
2
Let t be 18/((-36)/(-24) - (-1 + 1)). Let j(l) = l**2 - 11*l + 8. Let b be j(t). Calculate the greatest common factor of b and 50.
10
Let s = -289 + 325. Calculate the highest common factor of 4 and s.
4
Let n(j) = -2 + 4 + 4*j + j + 5. Let y be n(-5). Let k be (-16)/(-12)*y/(-4). Calculate the highest common divisor of k and 6.
6
Suppose -2*h - h - 48 = 0. Let z be h/8*4/(-2). Calculate the greatest common factor of 44 and z.
4
Suppose -3*z + 4*n + 460 = -2*z, -924 = -2*z + 4*n. Suppose 0 = 4*u + 16, -3*u = -4*s - 8*u + z. What is the greatest common factor of s and 11?
11
Let g = 1 - -2. Suppose 2*w + 2*c = 52, -4*c + 115 = g*w + 36. Suppose 0 = -4*b + 12, 8*x - 4*x = -5*b + 115. Calculate the highest common factor of x and w.
25
Let t(l) = -6 + 8 + 2*l + 6*l**2 + l**3 + 0*l. Let z be t(-4). What is the greatest common divisor of 26 and z?
26
Suppose -16*q + 7*q + 9 = 0. Calculate the highest common divisor of q and 19.
1
Suppose 0 = -i - 4*t + 593, i + 1236 = 3*i - 2*t. Let x = i - 360. What is the highest common factor of 23 and x?
23
Let o(k) be the first derivative of k**4/4 + 10*k**3/3 - 4*k**2 + 6*k + 3. Let x be o(-10). What is the highest common factor of 215 and x?
43
Suppose 4*p = -g + 534 + 440, 2*p = 4*g + 478. Calculate the highest common divisor of p and 18.
9
Suppose -257 = -4*v + 5*m, -2*v - v = 2*m - 187. Let o = 2 - 0. Let d be (63/o)/(-3)*-4. Calculate the greatest common divisor of v and d.
21
Suppose -2*o = 4*s - 16, 4 = 2*s - 2*o - 10. Let u be 2/((-18)/5 - -4). What is the highest common factor of u and s?
5
Suppose 0 = 5*k - 4*k - 6. Suppose -8*s + k*s = -66. Calculate the highest common divisor of 3 and s.
3
Let c be (-4)/8 + 2/(-4). Let b be ((-6)/5)/(c/(-15)). Let f = b - -21. Calculate the greatest common divisor of f and 3.
3
Suppose -6*b = -2*y - 2*b + 636, 0 = -5*y - b + 1623. What is the greatest common factor of 90 and y?
18
Let f = 31 + 347. What is the greatest common divisor of 168 and f?
42
Suppose 5*x = m - 716, -4*m - x = -1068 - 1901. What is the greatest common divisor of 117 and m?
39
Let c(g) = 863*g - 11. Let t be c(1). Calculate the greatest common divisor of 12 and t.
12
Let t(h) = -6*h - 3*h - 8 + 5*h. Let v be t(-5). Suppose 4*l - 6 = 378. What is the highest common divisor of l and v?
12
Let i be (-2 - -5)/((-11)/(-220)). Suppose i = -g + 5*g. Calculate the highest common factor of g and 105.
15
Suppose -t - 4 = -2, 5*t + 14 = -4*n. Let h be (-4 + n)/(-10)*266. What is the highest common divisor of h and 7?
7
Suppose 0*n = -56*n + 2912. Calculate the highest common divisor of n and 247.
13
Let d be (-1 - 0)*(-362 - 153). What is the highest common factor of 5 and d?
5
Suppose 5142 = 47*s + 1852. Calculate the highest common factor of 250 and s.
10
Let c(w) = w**2 - 7*w - 45. Let d be c(14). Calculate the greatest common divisor of d and 318.
53
Suppose -7*y = -6*y - 2. Let k be y/3 + 0 - 840/(-63). What is the highest common divisor of k and 56?
14
Let m be -2 + 4 - 4*-7. Let x(c) = c**3 + 12*c**2 + 35*c + 14. Let o be x(-6). Calculate the greatest common divisor of m and o.
10
Let q(s) = -2*s**3 - 15*s**2 - 26*s + 13. Let n be q(-9). Calculate the highest common divisor of n and 35.
35
Let f be 2*(6/(-24) - (-7)/4). Let a = f - -2. Let j = 3 - 2. What is the greatest common factor of j and a?
1
Let o be -6 + 8 - 6/3. Suppose 4*t + 4*j = 88, t - 5*j = -o*t + 52. What is the highest common factor of 54 and t?
27
Suppose -3*a + 64 = -206. What is the greatest common factor of a and 30?
30
Suppose 2775 - 11630 = -7*q. Suppose -y + g + q = 4*y, -1250 = -5*y - 2*g. What is the greatest common factor of 28 and y?
28
Let g(r) = -r**3 - 5*r**2 - 5*r. Let l be g(-4). Suppose -7*u = 3*v - 4*u - 408, -u + 541 = l*v. What is the highest common factor of v and 27?
27
Let b(f) = f**2 - 5*f + 4. Let x be b(7). Let j be 89/2 - (-12)/24. Calculate the greatest common factor of j and x.
9
Let j(n) = 35*n**2 - 2*n + 4. Let a be j(2). Calculate the greatest common divisor of 490 and a.
70
Suppose -2*b - 2*h = -26, 59 = 7*b - 2*b - h. What is the highest common divisor of b and 96?
12
Let u be (3 + 7 + -64)*2/(-4). What is the greatest common factor of u and 144?
9
Suppose 5*m + 5*k = 30, -3*k - 63 = -4*m - 53. Let f be 1 + -1 - (0 - 20). Calculate the greatest common factor of m and f.
4
Let f be 47/(-9) + (-100)/36 + 3. Let p(n) = 2*n**2 + 3*n + 5. Let r be p(f). Calculate the highest common factor of r and 40.
40
Suppose -4*d = -7*d - 5*q + 78, 3*q = 3*d - 54. What is the greatest common divisor of 91 and d?
7
Let f = 1270 - 737. Calculate the greatest common divisor of 13 and f.
13
Let y be (-1*20/35)/(2/(-7)). Suppose -y*u + 19 - 9 = 0. W